{"id":22522,"date":"2024-03-12T14:37:57","date_gmt":"2024-03-12T14:37:57","guid":{"rendered":"https:\/\/www.fotospace.pt\/?post_type=product&#038;p=22522"},"modified":"2024-03-18T10:56:24","modified_gmt":"2024-03-18T10:56:24","slug":"workshop-individual-de-iniciacao-a-fotografia-digital","status":"publish","type":"product","link":"https:\/\/www.fotospace.pt\/en\/product\/workshop-individual-de-iniciacao-a-fotografia-digital\/","title":{"rendered":"Workshop Individual de Inicia\u00e7\u00e3o \u00e0 Fotografia Digital"},"content":{"rendered":"<div id=\"ui-accordion-1-panel-0\" class=\"accordion_content ui-accordion-content ui-helper-reset ui-widget-content ui-corner-bottom ui-accordion-content-active\" role=\"tabpanel\" aria-labelledby=\"ui-accordion-1-header-0\" aria-expanded=\"true\" aria-hidden=\"false\">\n<div class=\"accordion_content_inner\">\n<div class=\"wpb_text_column wpb_content_element\">\n<div class=\"wpb_wrapper\">\n<p>Workshop direccionado a quem adquiriu recentemente uma m\u00e1quina fotogr\u00e1fica (SLR digital ou point-and- shoot avan\u00e7ada) e deseja tirar maior partido das suas capacidades. Ser\u00e3o abordadas v\u00e1rias fun\u00e7\u00f5es da m\u00e1quina, composi\u00e7\u00e3o, e exposi\u00e7\u00e3o.<br \/>\nO workshop \u00e9 dado em est\u00fadio. Se a meteorologia permitir, ser\u00e3o realizados exerc\u00edcios no exterior.<\/p>\n<p>Dura\u00e7\u00e3o: 4 horas<\/p>\n<\/div>\n<\/div>\n<\/div>\n<\/div>","protected":false},"excerpt":{"rendered":"<p>Workshop Individual<\/p>","protected":false},"featured_media":22523,"template":"","meta":{"_exactmetrics_skip_tracking":false,"_exactmetrics_sitenote_active":false,"_exactmetrics_sitenote_note":"","_exactmetrics_sitenote_category":0},"product_brand":[],"product_cat":[185],"product_tag":[],"class_list":{"0":"post-22522","1":"product","2":"type-product","3":"status-publish","4":"has-post-thumbnail","6":"product_cat-workshops-individuais","8":"first","9":"instock","10":"virtual","11":"sold-individually","12":"taxable","13":"purchasable","14":"product-type-simple"},"yoast_head":"<!-- This site is optimized with the Yoast SEO plugin v27.5 - https:\/\/yoast.com\/product\/yoast-seo-wordpress\/ -->\n<title>Workshop Individual de Inicia\u00e7\u00e3o \u00e0 Fotografia Digital - Foto Space<\/title>\n<meta name=\"description\" content=\"Workshop direccionado a quem adquiriu recentemente uma m\u00e1quina fotogr\u00e1fica (SLR digital ou point-and- shoot avan\u00e7ada) e deseja tirar maior partido das suas capacidades. Ser\u00e3o abordadas v\u00e1rias fun\u00e7\u00f5es da m\u00e1quina, composi\u00e7\u00e3o, e exposi\u00e7\u00e3o.\" \/>\n<meta name=\"robots\" content=\"index, follow, max-snippet:-1, max-image-preview:large, max-video-preview:-1\" \/>\n<link rel=\"canonical\" href=\"https:\/\/www.fotospace.pt\/en\/product\/workshop-individual-de-iniciacao-a-fotografia-digital\/\" \/>\n<meta property=\"og:locale\" content=\"en_GB\" \/>\n<meta property=\"og:type\" content=\"article\" \/>\n<meta property=\"og:title\" content=\"Workshop Individual de Inicia\u00e7\u00e3o \u00e0 Fotografia Digital - Foto Space\" \/>\n<meta property=\"og:description\" content=\"Workshop direccionado a quem adquiriu recentemente uma m\u00e1quina fotogr\u00e1fica (SLR digital ou point-and- shoot avan\u00e7ada) e deseja tirar maior partido das suas capacidades. Ser\u00e3o abordadas v\u00e1rias fun\u00e7\u00f5es da m\u00e1quina, composi\u00e7\u00e3o, e exposi\u00e7\u00e3o.\" \/>\n<meta property=\"og:url\" content=\"https:\/\/www.fotospace.pt\/en\/product\/workshop-individual-de-iniciacao-a-fotografia-digital\/\" \/>\n<meta property=\"og:site_name\" content=\"Foto Space\" \/>\n<meta property=\"article:publisher\" content=\"https:\/\/www.facebook.com\/fotospace\/\" \/>\n<meta property=\"article:modified_time\" content=\"2024-03-18T10:56:24+00:00\" \/>\n<meta property=\"og:image\" content=\"https:\/\/www.fotospace.pt\/wp-content\/uploads\/2024\/03\/varun-gaba-dcgB3CgidlU-unsplash-scaled.jpg\" \/>\n\t<meta property=\"og:image:width\" content=\"1702\" \/>\n\t<meta property=\"og:image:height\" content=\"2560\" \/>\n\t<meta property=\"og:image:type\" content=\"image\/jpeg\" \/>\n<meta name=\"twitter:card\" content=\"summary_large_image\" \/>\n<meta name=\"twitter:label1\" content=\"Estimated reading time\" \/>\n\t<meta name=\"twitter:data1\" content=\"1 minute\" \/>\n<script type=\"application\/ld+json\" class=\"yoast-schema-graph\">{\"@context\":\"https:\\\/\\\/schema.org\",\"@graph\":[{\"@type\":\"WebPage\",\"@id\":\"https:\\\/\\\/www.fotospace.pt\\\/product\\\/workshop-individual-de-iniciacao-a-fotografia-digital\\\/\",\"url\":\"https:\\\/\\\/www.fotospace.pt\\\/product\\\/workshop-individual-de-iniciacao-a-fotografia-digital\\\/\",\"name\":\"Workshop Individual de Inicia\u00e7\u00e3o \u00e0 Fotografia Digital - Foto Space\",\"isPartOf\":{\"@id\":\"https:\\\/\\\/www.fotospace.pt\\\/eng\\\/#website\"},\"primaryImageOfPage\":{\"@id\":\"https:\\\/\\\/www.fotospace.pt\\\/product\\\/workshop-individual-de-iniciacao-a-fotografia-digital\\\/#primaryimage\"},\"image\":{\"@id\":\"https:\\\/\\\/www.fotospace.pt\\\/product\\\/workshop-individual-de-iniciacao-a-fotografia-digital\\\/#primaryimage\"},\"thumbnailUrl\":\"https:\\\/\\\/www.fotospace.pt\\\/wp-content\\\/uploads\\\/2024\\\/03\\\/varun-gaba-dcgB3CgidlU-unsplash-scaled.jpg\",\"datePublished\":\"2024-03-12T14:37:57+00:00\",\"dateModified\":\"2024-03-18T10:56:24+00:00\",\"description\":\"Workshop direccionado a quem adquiriu recentemente uma m\u00e1quina fotogr\u00e1fica (SLR digital ou point-and- shoot avan\u00e7ada) e deseja tirar maior partido das suas capacidades. Ser\u00e3o abordadas v\u00e1rias fun\u00e7\u00f5es da m\u00e1quina, composi\u00e7\u00e3o, e exposi\u00e7\u00e3o.\",\"breadcrumb\":{\"@id\":\"https:\\\/\\\/www.fotospace.pt\\\/product\\\/workshop-individual-de-iniciacao-a-fotografia-digital\\\/#breadcrumb\"},\"inLanguage\":\"en-GB\",\"potentialAction\":[{\"@type\":\"ReadAction\",\"target\":[\"https:\\\/\\\/www.fotospace.pt\\\/product\\\/workshop-individual-de-iniciacao-a-fotografia-digital\\\/\"]}]},{\"@type\":\"ImageObject\",\"inLanguage\":\"en-GB\",\"@id\":\"https:\\\/\\\/www.fotospace.pt\\\/product\\\/workshop-individual-de-iniciacao-a-fotografia-digital\\\/#primaryimage\",\"url\":\"https:\\\/\\\/www.fotospace.pt\\\/wp-content\\\/uploads\\\/2024\\\/03\\\/varun-gaba-dcgB3CgidlU-unsplash-scaled.jpg\",\"contentUrl\":\"https:\\\/\\\/www.fotospace.pt\\\/wp-content\\\/uploads\\\/2024\\\/03\\\/varun-gaba-dcgB3CgidlU-unsplash-scaled.jpg\",\"width\":1702,\"height\":2560},{\"@type\":\"BreadcrumbList\",\"@id\":\"https:\\\/\\\/www.fotospace.pt\\\/product\\\/workshop-individual-de-iniciacao-a-fotografia-digital\\\/#breadcrumb\",\"itemListElement\":[{\"@type\":\"ListItem\",\"position\":1,\"name\":\"Home\",\"item\":\"https:\\\/\\\/www.fotospace.pt\\\/\"},{\"@type\":\"ListItem\",\"position\":2,\"name\":\"Shop\",\"item\":\"https:\\\/\\\/www.fotospace.pt\\\/shop\\\/\"},{\"@type\":\"ListItem\",\"position\":3,\"name\":\"Workshop Individual de Inicia\u00e7\u00e3o \u00e0 Fotografia Digital\"}]},{\"@type\":\"WebSite\",\"@id\":\"https:\\\/\\\/www.fotospace.pt\\\/eng\\\/#website\",\"url\":\"https:\\\/\\\/www.fotospace.pt\\\/eng\\\/\",\"name\":\"Foto Space\",\"description\":\"Aluguer de est\u00fadio fotogr\u00e1fico e workshops em Lisboa\",\"potentialAction\":[{\"@type\":\"SearchAction\",\"target\":{\"@type\":\"EntryPoint\",\"urlTemplate\":\"https:\\\/\\\/www.fotospace.pt\\\/eng\\\/?s={search_term_string}\"},\"query-input\":{\"@type\":\"PropertyValueSpecification\",\"valueRequired\":true,\"valueName\":\"search_term_string\"}}],\"inLanguage\":\"en-GB\"}]}<\/script>\n<!-- \/ Yoast SEO plugin. -->","yoast_head_json":{"title":"Workshop Individual de Inicia\u00e7\u00e3o \u00e0 Fotografia Digital - Foto Space","description":"Workshop direccionado a quem adquiriu recentemente uma m\u00e1quina fotogr\u00e1fica (SLR digital ou point-and- shoot avan\u00e7ada) e deseja tirar maior partido das suas capacidades. Ser\u00e3o abordadas v\u00e1rias fun\u00e7\u00f5es da m\u00e1quina, composi\u00e7\u00e3o, e exposi\u00e7\u00e3o.","robots":{"index":"index","follow":"follow","max-snippet":"max-snippet:-1","max-image-preview":"max-image-preview:large","max-video-preview":"max-video-preview:-1"},"canonical":"https:\/\/www.fotospace.pt\/en\/product\/workshop-individual-de-iniciacao-a-fotografia-digital\/","og_locale":"en_GB","og_type":"article","og_title":"Workshop Individual de Inicia\u00e7\u00e3o \u00e0 Fotografia Digital - Foto Space","og_description":"Workshop direccionado a quem adquiriu recentemente uma m\u00e1quina fotogr\u00e1fica (SLR digital ou point-and- shoot avan\u00e7ada) e deseja tirar maior partido das suas capacidades. Ser\u00e3o abordadas v\u00e1rias fun\u00e7\u00f5es da m\u00e1quina, composi\u00e7\u00e3o, e exposi\u00e7\u00e3o.","og_url":"https:\/\/www.fotospace.pt\/en\/product\/workshop-individual-de-iniciacao-a-fotografia-digital\/","og_site_name":"Foto Space","article_publisher":"https:\/\/www.facebook.com\/fotospace\/","article_modified_time":"2024-03-18T10:56:24+00:00","og_image":[{"width":1702,"height":2560,"url":"https:\/\/www.fotospace.pt\/wp-content\/uploads\/2024\/03\/varun-gaba-dcgB3CgidlU-unsplash-scaled.jpg","type":"image\/jpeg"}],"twitter_card":"summary_large_image","twitter_misc":{"Estimated reading time":"1 minute"},"schema":{"@context":"https:\/\/schema.org","@graph":[{"@type":"WebPage","@id":"https:\/\/www.fotospace.pt\/product\/workshop-individual-de-iniciacao-a-fotografia-digital\/","url":"https:\/\/www.fotospace.pt\/product\/workshop-individual-de-iniciacao-a-fotografia-digital\/","name":"Workshop Individual de Inicia\u00e7\u00e3o \u00e0 Fotografia Digital - Foto Space","isPartOf":{"@id":"https:\/\/www.fotospace.pt\/eng\/#website"},"primaryImageOfPage":{"@id":"https:\/\/www.fotospace.pt\/product\/workshop-individual-de-iniciacao-a-fotografia-digital\/#primaryimage"},"image":{"@id":"https:\/\/www.fotospace.pt\/product\/workshop-individual-de-iniciacao-a-fotografia-digital\/#primaryimage"},"thumbnailUrl":"https:\/\/www.fotospace.pt\/wp-content\/uploads\/2024\/03\/varun-gaba-dcgB3CgidlU-unsplash-scaled.jpg","datePublished":"2024-03-12T14:37:57+00:00","dateModified":"2024-03-18T10:56:24+00:00","description":"Workshop direccionado a quem adquiriu recentemente uma m\u00e1quina fotogr\u00e1fica (SLR digital ou point-and- shoot avan\u00e7ada) e deseja tirar maior partido das suas capacidades. Ser\u00e3o abordadas v\u00e1rias fun\u00e7\u00f5es da m\u00e1quina, composi\u00e7\u00e3o, e exposi\u00e7\u00e3o.","breadcrumb":{"@id":"https:\/\/www.fotospace.pt\/product\/workshop-individual-de-iniciacao-a-fotografia-digital\/#breadcrumb"},"inLanguage":"en-GB","potentialAction":[{"@type":"ReadAction","target":["https:\/\/www.fotospace.pt\/product\/workshop-individual-de-iniciacao-a-fotografia-digital\/"]}]},{"@type":"ImageObject","inLanguage":"en-GB","@id":"https:\/\/www.fotospace.pt\/product\/workshop-individual-de-iniciacao-a-fotografia-digital\/#primaryimage","url":"https:\/\/www.fotospace.pt\/wp-content\/uploads\/2024\/03\/varun-gaba-dcgB3CgidlU-unsplash-scaled.jpg","contentUrl":"https:\/\/www.fotospace.pt\/wp-content\/uploads\/2024\/03\/varun-gaba-dcgB3CgidlU-unsplash-scaled.jpg","width":1702,"height":2560},{"@type":"BreadcrumbList","@id":"https:\/\/www.fotospace.pt\/product\/workshop-individual-de-iniciacao-a-fotografia-digital\/#breadcrumb","itemListElement":[{"@type":"ListItem","position":1,"name":"Home","item":"https:\/\/www.fotospace.pt\/"},{"@type":"ListItem","position":2,"name":"Shop","item":"https:\/\/www.fotospace.pt\/shop\/"},{"@type":"ListItem","position":3,"name":"Workshop Individual de Inicia\u00e7\u00e3o \u00e0 Fotografia Digital"}]},{"@type":"WebSite","@id":"https:\/\/www.fotospace.pt\/eng\/#website","url":"https:\/\/www.fotospace.pt\/eng\/","name":"Foto Space","description":"Aluguer de est\u00fadio fotogr\u00e1fico e workshops em Lisboa","potentialAction":[{"@type":"SearchAction","target":{"@type":"EntryPoint","urlTemplate":"https:\/\/www.fotospace.pt\/eng\/?s={search_term_string}"},"query-input":{"@type":"PropertyValueSpecification","valueRequired":true,"valueName":"search_term_string"}}],"inLanguage":"en-GB"}]}},"_links":{"self":[{"href":"https:\/\/www.fotospace.pt\/en\/wp-json\/wp\/v2\/product\/22522","targetHints":{"allow":["GET"]}}],"collection":[{"href":"https:\/\/www.fotospace.pt\/en\/wp-json\/wp\/v2\/product"}],"about":[{"href":"https:\/\/www.fotospace.pt\/en\/wp-json\/wp\/v2\/types\/product"}],"wp:featuredmedia":[{"embeddable":true,"href":"https:\/\/www.fotospace.pt\/en\/wp-json\/wp\/v2\/media\/22523"}],"wp:attachment":[{"href":"https:\/\/www.fotospace.pt\/en\/wp-json\/wp\/v2\/media?parent=22522"}],"wp:term":[{"taxonomy":"product_brand","embeddable":true,"href":"https:\/\/www.fotospace.pt\/en\/wp-json\/wp\/v2\/product_brand?post=22522"},{"taxonomy":"product_cat","embeddable":true,"href":"https:\/\/www.fotospace.pt\/en\/wp-json\/wp\/v2\/product_cat?post=22522"},{"taxonomy":"product_tag","embeddable":true,"href":"https:\/\/www.fotospace.pt\/en\/wp-json\/wp\/v2\/product_tag?post=22522"}],"curies":[{"name":"wp","href":"https:\/\/api.w.org\/{rel}","templated":true}]}}

Workshop Individual de Iniciação à Fotografia Digital

<div id="ui-accordion-1-panel-0" class="accordion_content ui-accordion-content ui-helper-reset ui-widget-content ui-corner-bottom ui-accordion-content-active" role="tabpanel" aria-labelledby="ui-accordion-1-header-0" aria-expanded="true" aria-hidden="false">
<div class="accordion_content_inner">
<div class="wpb_text_column wpb_content_element">
<div class="wpb_wrapper">
<p>Workshop direccionado a quem adquiriu recentemente uma máquina fotográfica (SLR digital ou point-and- shoot avançada) e deseja tirar maior partido das suas capacidades. Serão abordadas várias funções da máquina, composição, e exposição.<br />
O workshop é dado em estúdio. Se a meteorologia permitir, serão realizados exercícios no exterior.</p>
<p>Duração: 4 horas</p>
</div>
</div>
</div>
</div>

<!-- This site is optimized with the Yoast SEO plugin v27.5 - https://yoast.com/product/yoast-seo-wordpress/ -->
<title>Workshop Individual de Iniciação à Fotografia Digital - Foto Space</title>
<meta name="description" content="Workshop direccionado a quem adquiriu recentemente uma máquina fotográfica (SLR digital ou point-and- shoot avançada) e deseja tirar maior partido das suas capacidades. Serão abordadas várias funções da máquina, composição, e exposição." />
<meta name="robots" content="index, follow, max-snippet:-1, max-image-preview:large, max-video-preview:-1" />
<link rel="canonical" href="https://www.fotospace.pt/en/product/workshop-individual-de-iniciacao-a-fotografia-digital/" />
<meta property="og:locale" content="en_GB" />
<meta property="og:type" content="article" />
<meta property="og:title" content="Workshop Individual de Iniciação à Fotografia Digital - Foto Space" />
<meta property="og:description" content="Workshop direccionado a quem adquiriu recentemente uma máquina fotográfica (SLR digital ou point-and- shoot avançada) e deseja tirar maior partido das suas capacidades. Serão abordadas várias funções da máquina, composição, e exposição." />
<meta property="og:url" content="https://www.fotospace.pt/en/product/workshop-individual-de-iniciacao-a-fotografia-digital/" />
<meta property="og:site_name" content="Foto Space" />
<meta property="article:publisher" content="https://www.facebook.com/fotospace/" />
<meta property="article:modified_time" content="2024-03-18T10:56:24+00:00" />
<meta property="og:image" content="https://www.fotospace.pt/wp-content/uploads/2024/03/varun-gaba-dcgB3CgidlU-unsplash-scaled.jpg" />
	<meta property="og:image:width" content="1702" />
	<meta property="og:image:height" content="2560" />
	<meta property="og:image:type" content="image/jpeg" />
<meta name="twitter:card" content="summary_large_image" />
<meta name="twitter:label1" content="Estimated reading time" />
	<meta name="twitter:data1" content="1 minute" />
<script type="application/ld+json" class="yoast-schema-graph">{"@context":"https:\/\/schema.org","@graph":[{"@type":"WebPage","@id":"https:\/\/www.fotospace.pt\/product\/workshop-individual-de-iniciacao-a-fotografia-digital\/","url":"https:\/\/www.fotospace.pt\/product\/workshop-individual-de-iniciacao-a-fotografia-digital\/","name":"Workshop Individual de Iniciação à Fotografia Digital - Foto Space","isPartOf":{"@id":"https:\/\/www.fotospace.pt\/eng\/#website"},"primaryImageOfPage":{"@id":"https:\/\/www.fotospace.pt\/product\/workshop-individual-de-iniciacao-a-fotografia-digital\/#primaryimage"},"image":{"@id":"https:\/\/www.fotospace.pt\/product\/workshop-individual-de-iniciacao-a-fotografia-digital\/#primaryimage"},"thumbnailUrl":"https:\/\/www.fotospace.pt\/wp-content\/uploads\/2024\/03\/varun-gaba-dcgB3CgidlU-unsplash-scaled.jpg","datePublished":"2024-03-12T14:37:57+00:00","dateModified":"2024-03-18T10:56:24+00:00","description":"Workshop direccionado a quem adquiriu recentemente uma máquina fotográfica (SLR digital ou point-and- shoot avançada) e deseja tirar maior partido das suas capacidades. Serão abordadas várias funções da máquina, composição, e exposição.","breadcrumb":{"@id":"https:\/\/www.fotospace.pt\/product\/workshop-individual-de-iniciacao-a-fotografia-digital\/#breadcrumb"},"inLanguage":"en-GB","potentialAction":[{"@type":"ReadAction","target":["https:\/\/www.fotospace.pt\/product\/workshop-individual-de-iniciacao-a-fotografia-digital\/"]}]},{"@type":"ImageObject","inLanguage":"en-GB","@id":"https:\/\/www.fotospace.pt\/product\/workshop-individual-de-iniciacao-a-fotografia-digital\/#primaryimage","url":"https:\/\/www.fotospace.pt\/wp-content\/uploads\/2024\/03\/varun-gaba-dcgB3CgidlU-unsplash-scaled.jpg","contentUrl":"https:\/\/www.fotospace.pt\/wp-content\/uploads\/2024\/03\/varun-gaba-dcgB3CgidlU-unsplash-scaled.jpg","width":1702,"height":2560},{"@type":"BreadcrumbList","@id":"https:\/\/www.fotospace.pt\/product\/workshop-individual-de-iniciacao-a-fotografia-digital\/#breadcrumb","itemListElement":[{"@type":"ListItem","position":1,"name":"Home","item":"https:\/\/www.fotospace.pt\/"},{"@type":"ListItem","position":2,"name":"Shop","item":"https:\/\/www.fotospace.pt\/shop\/"},{"@type":"ListItem","position":3,"name":"Workshop Individual de Iniciação à Fotografia Digital"}]},{"@type":"WebSite","@id":"https:\/\/www.fotospace.pt\/eng\/#website","url":"https:\/\/www.fotospace.pt\/eng\/","name":"Foto Space","description":"Aluguer de estúdio fotográfico e workshops em Lisboa","potentialAction":[{"@type":"SearchAction","target":{"@type":"EntryPoint","urlTemplate":"https:\/\/www.fotospace.pt\/eng\/?s={search_term_string}"},"query-input":{"@type":"PropertyValueSpecification","valueRequired":true,"valueName":"search_term_string"}}],"inLanguage":"en-GB"}]}</script>
<!-- / Yoast SEO plugin. -->

Workshop Individual de Iniciação à Fotografia Digital - Foto Space

Workshop direccionado a quem adquiriu recentemente uma máquina fotográfica (SLR digital ou point-and- shoot avançada) e deseja tirar maior partido das suas capacidades. Serão abordadas várias funções da máquina, composição, e exposição.

Aluguer de estúdio fotográfico e workshops em Lisboa
